{"id":22,"date":"2016-06-21T04:53:47","date_gmt":"2016-06-21T04:53:47","guid":{"rendered":"http:\/\/dvd-margecan.hr\/?page_id=22"},"modified":"2026-02-12T18:05:53","modified_gmt":"2026-02-12T17:05:53","slug":"natjecanja","status":"publish","type":"page","link":"https:\/\/dvd-margecan.hr\/?page_id=22","title":{"rendered":"NATJECANJA"},"content":{"rendered":"\n<p class=\"has-medium-font-size\"><strong><mark style=\"background-color:rgba(0, 0, 0, 0);color:#d22a2a\" class=\"has-inline-color\"><strong><span style=\"text-decoration: underline;\">NATJECANJA 2025.<\/span><\/strong><\/mark><\/strong><\/p>\n\n\n\n<p>16. DR\u017dAVNO NATJECANJE VATROGASNE MLADE\u017dI REPUBLIKE HRVATSKE<\/p>\n\n\n\n<ul>\n<li>MLADE\u017d 12-16 (\u017d) \u2013 7. mjesto<\/li>\n<\/ul>\n\n\n\n<p>26. GRADSKO VATROGASNO NATJECANJE VZG IVANEC<\/p>\n\n\n\n<ul>\n<li>POMLADAK 6-12 (\u017d) \u2013 2. mjesto<\/li>\n\n\n\n<li>POMLADAK 6-12 (M) \u2013 4. mjesto<\/li>\n\n\n\n<li>MLADE\u017d 12-16 (\u017d) \u2013 1. mjesto<\/li>\n\n\n\n<li>MLADE\u017d 12-16 (M) \u2013 1. mjesto<\/li>\n\n\n\n<li>\u201eB\u201c EKIPA (M) \u2013 2. mjesto<\/li>\n<\/ul>\n\n\n\n<p>44. MEMORIJAL \u201eMIRKO KOLARI\u0106\u201c \u2013 DVD VARA\u017dDIN<\/p>\n\n\n\n<ul>\n<li>MLADE\u017d 12-16 (\u017d) &#8211; 16. mjesto<\/li>\n<\/ul>\n\n\n\n<p>25. KUP GRADA NOVOG MAROFA<\/p>\n\n\n\n<ul>\n<li>MLADE\u017d 12-16 (\u017d) \u2013 3. mjesto<\/li>\n\n\n\n<li>MLADE\u017d 12-16 (M) \u2013 3. mjesto<\/li>\n<\/ul>\n\n\n\n<p>24. KUP DVD-A BRSTEC<\/p>\n\n\n\n<ul>\n<li>MLADE\u017d 12-16 (\u017d) \u2013 2. mjesto<\/li>\n\n\n\n<li>MLADE\u017d 12-16 (M) \u2013 2. mjesto<\/li>\n<\/ul>\n\n\n\n<p>6. NATJECANJE DVD-A NEDELJANEC-PREKNO<\/p>\n\n\n\n<ul>\n<li>MLADE\u017d 12-16 (\u017d) \u2013 1. mjesto<\/li>\n\n\n\n<li>MLADE\u017d 12-16 (M) \u2013 2. mjesto<\/li>\n<\/ul>\n\n\n\n<p>NATJECANJE DVD-A GOJANEC 2025<\/p>\n\n\n\n<ul>\n<li>POMLADAK 6-12 (\u017d) \u00a0&#8211; 8. mjesto<\/li>\n\n\n\n<li>POMLADAK 6-12 (M) \u2013 9. mjesto<\/li>\n<\/ul>\n\n\n\n<p>23. MEMORIJAL \u201eKRUNO MODRI\u0106\u201c&nbsp; &#8211; DVD LESKOVEC<\/p>\n\n\n\n<ul>\n<li>MLADE\u017d 12-16 (\u017d) &#8211; 4. mjesto<\/li>\n\n\n\n<li>MLADE\u017d 12-16 (M) &#8211; 6. mjesto<\/li>\n<\/ul>\n\n\n\n<p>27. KUP GRADA LUDBREGA \u2013 DVD LUDBREG<\/p>\n\n\n\n<ul>\n<li>MLADE\u017d 12-16 (M) &#8211; 3. mjesto<\/li>\n\n\n\n<li>POMLADAK 6-12 (\u017d) \u2013 5. mjesto<\/li>\n\n\n\n<li>POMLADAK 6-12 (M) \u2013 15. mjesto<\/li>\n<\/ul>\n\n\n\n<p>3. KUP DVD-A \u0110URMANEC<\/p>\n\n\n\n<ul>\n<li>MLADE\u017d 12-16 (\u017d) &#8211; 5. mjesto<\/li>\n<\/ul>\n\n\n\n<p>KUP DVD-A HR\u017dENICA<\/p>\n\n\n\n<ul>\n<li>MLADE\u017d 12-16 (\u017d) \u2013 1. mjesto<\/li>\n\n\n\n<li>MLADE\u017d 12-16 (M) &#8211; 1. mjesto<\/li>\n\n\n\n<li>POMLADAK 6-12 (\u017d) \u2013 6. mjesto<\/li>\n<\/ul>\n\n\n\n<p>41. KUP POSAVINE DVD DESNO TREBARJEVO<\/p>\n\n\n\n<ul>\n<li>MLADE\u017d 12-16 (\u017d) &#8211; 12. mjesto<\/li>\n<\/ul>\n\n\n\n<p>12. KUP DVD-A TU\u017dNO<\/p>\n\n\n\n<ul>\n<li>POMLADAK 6-12 (\u017d) \u2013 8. mjesto<\/li>\n\n\n\n<li>POMLADAK 6-12 (M) \u2013 26. mjesto<\/li>\n\n\n\n<li>MLADE\u017d 12-16 (\u017d) \u2013 1. mjesto<\/li>\n\n\n\n<li>MLADE\u017d 12-16 (M) \u2013 2. mjesto<\/li>\n<\/ul>\n\n\n\n<p>12. KUP VZG \u010cAKOVEC<\/p>\n\n\n\n<ul>\n<li>MLADE\u017d 12-16 (\u017d) \u2013 10. mjesto<\/li>\n\n\n\n<li>MLADE\u017d 12-16 (M) \u2013 6. mjesto<\/li>\n<\/ul>\n\n\n\n<p>21. MEMORIJAL BANA JOSIPA JELA\u010cI\u0106A ZAPRE\u0160I\u0106<\/p>\n\n\n\n<ul>\n<li>MLADE\u017d 12-16 (\u017d) &#8211; 1. mjesto<\/li>\n\n\n\n<li>MLADE\u017d 12-16 (M) \u2013 3. mjesto<\/li>\n<\/ul>\n\n\n\n<p>5. KUP VATROGASNE ZAJEDNICE VARA\u017dDINSKE \u017dUPANIJE ZA VATROGASNU MLADE\u017d I POMLADAK<\/p>\n\n\n\n<ul>\n<li>MLADE\u017d 12-16 (\u017d) \u2013 \u00a02. mjesto<\/li>\n\n\n\n<li>MLADE\u017d 12-16 (M) &#8211; 2. mjesto<\/li>\n<\/ul>\n\n\n\n<figure class=\"wp-block-image size-full\"><img decoding=\"async\" loading=\"lazy\" width=\"800\" height=\"603\" src=\"https:\/\/dvd-margecan.hr\/wp-content\/uploads\/2025\/10\/551974729_1949654745881928_6944880672078127799_n.jpg\" alt=\"\" class=\"wp-image-1082\" srcset=\"https:\/\/dvd-margecan.hr\/wp-content\/uploads\/2025\/10\/551974729_1949654745881928_6944880672078127799_n.jpg 800w, https:\/\/dvd-margecan.hr\/wp-content\/uploads\/2025\/10\/551974729_1949654745881928_6944880672078127799_n-300x226.jpg 300w, https:\/\/dvd-margecan.hr\/wp-content\/uploads\/2025\/10\/551974729_1949654745881928_6944880672078127799_n-768x579.jpg 768w\" sizes=\"(max-width: 800px) 100vw, 800px\" \/><\/figure>\n\n\n\n<p class=\"has-vivid-red-color has-text-color has-medium-font-size\"><strong><mark style=\"background-color:rgba(0, 0, 0, 0);color:#d22a2a\" class=\"has-inline-color\"><strong><span style=\"text-decoration: underline;\">NATJECANJA 2024.<\/span><\/strong><\/mark><\/strong><\/p>\n\n\n\n<p>20. MEMORIJAL BANA JOSIPA JELA\u010cI\u0106A ZAPRE\u0160I\u0106<\/p>\n\n\n\n<ul>\n<li>MLADE\u017d 12-16 (\u017d) &#8211; 2.mjesto<\/li>\n\n\n\n<li>MLADE\u017d 12-16 (M) &#8211; 2.mjesto<\/li>\n<\/ul>\n\n\n\n<p>8. NATJECANJE VATROGASACA VARA\u017dDINSKE \u017dUPANIJE<\/p>\n\n\n\n<ul>\n<li>\u201eB\u201c EKIPA (M) \u2013 10. mjesto<\/li>\n<\/ul>\n\n\n\n<p>15. NATJECANJE VATROGASNE MLADE\u017dI VARA\u017dDINSKE \u017dUPANIJE<\/p>\n\n\n\n<ul>\n<li>POMLADAK 6-12 (\u017d) \u2013 9. mjesto<\/li>\n\n\n\n<li>POMLADAK 6-12 (M) \u2013 27. mjesto<\/li>\n\n\n\n<li>MLADE\u017d 12-16 (\u017d) \u2013 2. mjesto<\/li>\n\n\n\n<li>MLADE\u017d 12-16 (M) \u2013 6. mjesto<\/li>\n<\/ul>\n\n\n\n<p>4. KUP VATROGASNE ZAJEDNICE VARA\u017dDINSKE \u017dUPANIJE ZA VATROGASNU MLADE\u017d I POMLADAK<\/p>\n\n\n\n<ul>\n<li>MLADE\u017d 12-16 (\u017d) \u2013 3. mjesto<\/li>\n\n\n\n<li>MLADE\u017d 12-16 (M) &#8211; 2. mjesto<\/li>\n<\/ul>\n\n\n\n<p>KUP DVD-A HR\u017dENICA<\/p>\n\n\n\n<ul>\n<li>MLADE\u017d 12-16 (\u017d) \u2013 3. mjesto<\/li>\n\n\n\n<li>MLADE\u017d 12-16 (M) &#8211; 5. mjesto<\/li>\n<\/ul>\n\n\n\n<p>11. KUP DVD-A TU\u017dNO<\/p>\n\n\n\n<ul>\n<li>POMLADAK 6-12 (\u017d) \u2013 5. mjesto<\/li>\n\n\n\n<li>POMLADAK 6-12 (M)  \u2013 9. mjesto<\/li>\n\n\n\n<li>MLADE\u017d 12-16 (\u017d) \u2013 1. mjesto<\/li>\n\n\n\n<li>MLADE\u017d 12-16 (M) \u2013 3. mjesto<\/li>\n<\/ul>\n\n\n\n<p>26. KUP GRADA LUDBREGA \u2013 DVD LUDBREG<\/p>\n\n\n\n<ul>\n<li>MLADE\u017d 12-16 (\u017d) \u2013 3. mjesto<\/li>\n\n\n\n<li>MLADE\u017d 12-16 (M) &#8211; 6. mjesto<\/li>\n<\/ul>\n\n\n\n<p>22. MEMORIJAL \u201eKRUNO MODRI\u0106\u201c&nbsp; &#8211; DVD LESKOVEC<\/p>\n\n\n\n<ul>\n<li>MLADE\u017d 12-16 (M) \u2013 2. mjesto<\/li>\n<\/ul>\n\n\n\n<p>25. GRADSKO VATROGASNO NATJECANJE VZG IVANEC<\/p>\n\n\n\n<ul>\n<li>POMLADAK 6-12 (\u017d) \u2013 3. mjesto<\/li>\n\n\n\n<li>POMLADAK 6-12 (M) \u2013 4. mjesto<\/li>\n\n\n\n<li>MLADE\u017d 12-16 (\u017d) \u2013 2. mjesto<\/li>\n\n\n\n<li>MLADE\u017d 12-16 (M) \u2013 1. mjesto<\/li>\n\n\n\n<li>\u201eB\u201c EKIPA (M) \u2013 2. mjesto<\/li>\n<\/ul>\n\n\n\n<p>24. KUP GRADA NOVOG MAROFA<\/p>\n\n\n\n<ul>\n<li>MLADE\u017d 12-16 (\u017d) \u2013 1. mjesto<\/li>\n\n\n\n<li>MLADE\u017d 12-16 (M) &#8211; 2. mjesto<\/li>\n<\/ul>\n\n\n\n<p>43. MEMORIJAL \u201eMIRKO KOLARI\u0106\u201c \u2013 DVD VARA\u017dDIN<\/p>\n\n\n\n<ul>\n<li>MLADE\u017d 12-16 (\u017d) \u2013 12. mjesto<\/li>\n\n\n\n<li>MLADE\u017d 12-16 (M) &#8211; 12. mjesto<\/li>\n<\/ul>\n\n\n\n<figure class=\"wp-block-image size-full\"><img decoding=\"async\" loading=\"lazy\" width=\"800\" height=\"496\" src=\"https:\/\/dvd-margecan.hr\/wp-content\/uploads\/2024\/10\/Ekipe-DVD-zupanijsko.jpg\" alt=\"\" class=\"wp-image-962\" srcset=\"https:\/\/dvd-margecan.hr\/wp-content\/uploads\/2024\/10\/Ekipe-DVD-zupanijsko.jpg 800w, https:\/\/dvd-margecan.hr\/wp-content\/uploads\/2024\/10\/Ekipe-DVD-zupanijsko-300x186.jpg 300w, https:\/\/dvd-margecan.hr\/wp-content\/uploads\/2024\/10\/Ekipe-DVD-zupanijsko-768x476.jpg 768w\" sizes=\"(max-width: 800px) 100vw, 800px\" \/><\/figure>\n\n\n\n<p class=\"has-vivid-red-color has-text-color has-medium-font-size\"><strong><mark style=\"background-color:rgba(0, 0, 0, 0);color:#d22a2a\" class=\"has-inline-color\"><strong><span style=\"text-decoration: underline;\">NATJECANJA 2023.<\/span><\/strong><\/mark><\/strong><\/p>\n\n\n\n<p>19. MEMORIJAL BANA JOSIPA JELA\u010cI\u0106A<\/p>\n\n\n\n<ul>\n<li>MLADE\u017d 12-16 (\u017d) &#8211; 3.mjesto<\/li>\n\n\n\n<li>MLADE\u017d 12-16 (M) &#8211; 3.mjesto<\/li>\n<\/ul>\n\n\n\n<p>3. KUP VATROGASNE ZAJEDNICE VARA\u017dDINSKE \u017dUPANIJE ZA VATROGASNU MLADE\u017d I POMLADAK<\/p>\n\n\n\n<ul>\n<li>MLADE\u017d 12-16 (M) &#8211; 3.mjesto<\/li>\n<\/ul>\n\n\n\n<p>KUP DVD-A HR\u017dENICA<\/p>\n\n\n\n<ul>\n<li>MLADE\u017d 12-16 (M) &#8211; 4.mjesto<\/li>\n<\/ul>\n\n\n\n<p>10. KUP DVD-A TU\u017dNO<\/p>\n\n\n\n<ul>\n<li>POMLADAK 6-12 (\u017d) \u2013 8. mjesto<\/li>\n\n\n\n<li>MLADE\u017d 12-16 (\u017d) \u2013 1. mjesto<\/li>\n\n\n\n<li>MLADE\u017d 12-16 (M) \u2013 4. mjesto<\/li>\n<\/ul>\n\n\n\n<p>25. KUP GRADA LUDBREGA \u2013 DVD LUDBREG<\/p>\n\n\n\n<ul>\n<li>MLADE\u017d 12-16 (M) &#8211; 3.mjesto<\/li>\n<\/ul>\n\n\n\n<p>21. MEMORIJAL \u201eKRUNO MODRI\u0106\u201c&nbsp; &#8211; DVD LESKOVEC<\/p>\n\n\n\n<ul>\n<li>MLADE\u017d 12-16 (M) \u2013 4. mjesto<\/li>\n<\/ul>\n\n\n\n<p>22. KUP DVD-A GORNJI KU\u010cAN<\/p>\n\n\n\n<ul>\n<li>MLADE\u017d 12-16 (M) &#8211; 3.mjesto<\/li>\n<\/ul>\n\n\n\n<p>14. NATJECANJE VATROGASNE MLADE\u017dI VARA\u017dDINSKE \u017dUPANIJE<\/p>\n\n\n\n<ul>\n<li>POMLADAK 6-12 (\u017d) \u2013 15. mjesto<\/li>\n\n\n\n<li>POMLADAK 6-12 (M) \u2013 36. mjesto<\/li>\n\n\n\n<li>MLADE\u017d 12-16 (\u017d) \u2013 4. mjesto<\/li>\n\n\n\n<li>MLADE\u017d 12-16 (M) \u2013 6. mjesto<\/li>\n<\/ul>\n\n\n\n<p>24. GRADSKO VATROGASNO NATJECANJE VZG IVANEC<\/p>\n\n\n\n<ul>\n<li>POMLADAK 6-12 (M) \u2013 2. mjesto<\/li>\n\n\n\n<li>MLADE\u017d 12-16 (\u017d) \u2013 1. mjesto<\/li>\n\n\n\n<li>MLADE\u017d 12-16 (M) \u2013 1. mjesto<\/li>\n\n\n\n<li>\u201eB\u201c EKIPA (M) \u2013 2. mjesto<\/li>\n<\/ul>\n\n\n\n<figure class=\"wp-block-image size-full\"><img decoding=\"async\" loading=\"lazy\" width=\"600\" height=\"338\" src=\"https:\/\/dvd-margecan.hr\/wp-content\/uploads\/2023\/10\/20230826_143325-2.jpg\" alt=\"\" class=\"wp-image-780\" srcset=\"https:\/\/dvd-margecan.hr\/wp-content\/uploads\/2023\/10\/20230826_143325-2.jpg 600w, https:\/\/dvd-margecan.hr\/wp-content\/uploads\/2023\/10\/20230826_143325-2-300x169.jpg 300w\" sizes=\"(max-width: 600px) 100vw, 600px\" \/><\/figure>\n\n\n\n<p class=\"has-text-color has-medium-font-size\" style=\"color:#d22a2a\"><strong><mark style=\"background-color:rgba(0, 0, 0, 0);color:#d22a2a\" class=\"has-inline-color\"><strong><span style=\"text-decoration: underline;\">NATJECANJA 2022.<\/span><\/strong><\/mark><\/strong><\/p>\n\n\n\n<p>18. MEMORIJAL BANA JOSIPA JELA\u010cI\u0106A<\/p>\n\n\n\n<ul>\n<li>MLADE\u017d 12-16 (\u017d) &#8211; 5.mjesto<\/li>\n\n\n\n<li>MLADE\u017d 12-16 (M) &#8211; 6.mjesto<\/li>\n<\/ul>\n\n\n\n<p>22. SUSRET VATROGASNE MLADE\u017dI HRVATSKE I SLOVENIJE<\/p>\n\n\n\n<ul>\n<li>MLADE\u017d 12-16 (\u017d) &#8211; 9.mjesto<\/li>\n<\/ul>\n\n\n\n<p>21. KUP DVD-a BRSTEC<\/p>\n\n\n\n<ul>\n<li>MLADE\u017d 12-16 (\u017d) &#8211; 2.mjesto<\/li>\n<\/ul>\n\n\n\n<p>9. KUP DVD-a TU\u017dNO<\/p>\n\n\n\n<ul>\n<li>DJECA 6-12 (\u017d) 1 &#8211; 3.mjesto<\/li>\n\n\n\n<li>DJECA 6-12 (\u017d) 2 &#8211; 5.mjesto<\/li>\n\n\n\n<li>DJECA 6-12 (M) &#8211; 15.mjesto<\/li>\n\n\n\n<li>MLADE\u017d 12-16 (\u017d) &#8211; 1.mjesto<\/li>\n\n\n\n<li>MLADE\u017d 12-16 (M) &#8211; 8.mjesto<\/li>\n<\/ul>\n\n\n\n<p>21. KUP DVD-a GORNJI KU\u010cAN<\/p>\n\n\n\n<ul>\n<li>MLADE\u017d 12-16 (\u017d) &#8211; 1.mjesto<\/li>\n<\/ul>\n\n\n\n<p>14. DR\u017dAVNO NATJECANJE VATROGASNE MLADE\u017dI<\/p>\n\n\n\n<ul>\n<li>MLADE\u017d 12-16 (\u017d) &#8211; 21.mjesto<\/li>\n<\/ul>\n\n\n\n<figure class=\"wp-block-image size-large is-resized\"><img decoding=\"async\" loading=\"lazy\" src=\"https:\/\/dvd-margecan.hr\/wp-content\/uploads\/2022\/06\/20220604_193323.jpg\" alt=\"\" class=\"wp-image-433\" width=\"245\" height=\"435\" srcset=\"https:\/\/dvd-margecan.hr\/wp-content\/uploads\/2022\/06\/20220604_193323.jpg 450w, https:\/\/dvd-margecan.hr\/wp-content\/uploads\/2022\/06\/20220604_193323-169x300.jpg 169w\" sizes=\"(max-width: 245px) 100vw, 245px\" \/><\/figure>\n\n\n\n<figure class=\"wp-block-image size-large is-resized\"><img decoding=\"async\" loading=\"lazy\" src=\"https:\/\/dvd-margecan.hr\/wp-content\/uploads\/2022\/06\/received_425556756087819-1024x768.jpeg\" alt=\"\" class=\"wp-image-443\" width=\"557\" height=\"418\" srcset=\"https:\/\/dvd-margecan.hr\/wp-content\/uploads\/2022\/06\/received_425556756087819-1024x768.jpeg 1024w, https:\/\/dvd-margecan.hr\/wp-content\/uploads\/2022\/06\/received_425556756087819-300x225.jpeg 300w, https:\/\/dvd-margecan.hr\/wp-content\/uploads\/2022\/06\/received_425556756087819-768x576.jpeg 768w, https:\/\/dvd-margecan.hr\/wp-content\/uploads\/2022\/06\/received_425556756087819-1536x1152.jpeg 1536w, https:\/\/dvd-margecan.hr\/wp-content\/uploads\/2022\/06\/received_425556756087819.jpeg 2000w\" sizes=\"(max-width: 557px) 100vw, 557px\" \/><\/figure>\n\n\n\n<p class=\"has-text-color has-medium-font-size\" style=\"color:#d22a2a\"><span style=\"text-decoration: underline; color: #ff0000;\"><strong>NATJECANJA 2019.<\/strong><\/span><\/p>\n\n\n\n<p>13. NATJECANJE VATROGASNE MLADE\u017dI VARA\u017dDINSKE \u017dUPANIJE<\/p>\n\n\n\n<ul>\n<li>DJECA 6-12 (\u017d) &#8211; 1.mjesto<\/li>\n\n\n\n<li>DJECA 6-12 (M) &#8211; 21.mjesto<\/li>\n\n\n\n<li>MLADE\u017d 12-16 (\u017d) &#8211; 3.mjesto (plasman na Dr\u017eavno natjecanje)<\/li>\n<\/ul>\n\n\n\n<p>7. NATJECANJE VATROGASACA VARA\u017dDINSKE \u017dUPANIJE<\/p>\n\n\n\n<ul>\n<li>&#8220;B&#8221; EKIPA (M) &#8211; 12.mjesto<\/li>\n<\/ul>\n\n\n\n<p>23. GRADSKO NATJECANJE VZG IVANCA<\/p>\n\n\n\n<ul>\n<li>DJECA 6-12 (\u017d) &#8211; 1.mjesto<\/li>\n\n\n\n<li>MLADE\u017d 12-16 (\u017d) &#8211; 2.mjesto<\/li>\n<\/ul>\n\n\n\n<p>MEMORIJALNI KUP &#8220;Josip Martan&#8221; DONJA VO\u0106A<\/p>\n\n\n\n<ul>\n<li>MLADE\u017d 12-16 (\u017d)<\/li>\n<\/ul>\n\n\n\n<p>8. KUP DVD-a TU\u017dNO<\/p>\n\n\n\n<ul>\n<li>MLADE\u017d 12-16 (\u017d) &#8211; 3.mjesto<\/li>\n\n\n\n<li>DJECA 6-12 (M)<\/li>\n<\/ul>\n\n\n\n<p>KUP DVD-a NEDELJANEC-PREKNO<\/p>\n\n\n\n<ul>\n<li>DJECA 6-12 (M) &#8211; 2.mjesto<\/li>\n<\/ul>\n\n\n\n<p>18. KUP DVD-a GORNJI KU\u010cAN<\/p>\n\n\n\n<ul>\n<li>DJECA 6-12 (M)<\/li>\n<\/ul>\n\n\n\n<figure class=\"wp-block-image\"><img decoding=\"async\" loading=\"lazy\" width=\"397\" height=\"600\" src=\"https:\/\/dvd-margecan.hr\/wp-content\/uploads\/2021\/07\/20190908_191220.jpg\" alt=\"\" class=\"wp-image-259\" srcset=\"https:\/\/dvd-margecan.hr\/wp-content\/uploads\/2021\/07\/20190908_191220.jpg 397w, https:\/\/dvd-margecan.hr\/wp-content\/uploads\/2021\/07\/20190908_191220-199x300.jpg 199w\" sizes=\"(max-width: 397px) 100vw, 397px\" \/><\/figure>\n\n\n\n<figure class=\"wp-block-image\"><img decoding=\"async\" loading=\"lazy\" width=\"800\" height=\"450\" src=\"https:\/\/dvd-margecan.hr\/wp-content\/uploads\/2021\/07\/20190908_183313.jpg\" alt=\"\" class=\"wp-image-260\" srcset=\"https:\/\/dvd-margecan.hr\/wp-content\/uploads\/2021\/07\/20190908_183313.jpg 800w, https:\/\/dvd-margecan.hr\/wp-content\/uploads\/2021\/07\/20190908_183313-300x169.jpg 300w, https:\/\/dvd-margecan.hr\/wp-content\/uploads\/2021\/07\/20190908_183313-768x432.jpg 768w\" sizes=\"(max-width: 800px) 100vw, 800px\" \/><\/figure>\n\n\n\n<p class=\"has-text-color has-medium-font-size\" style=\"color:#d22a2a\"><span style=\"text-decoration: underline; color: #ff0000;\"><strong>NATJECANJA 2018.<\/strong><\/span><\/p>\n\n\n\n<p>3. MEMORIJALNI KUP &#8220;Bo\u017eidar Ple\u010dko&#8221; VIDOVEC<\/p>\n\n\n\n<ul>\n<li>MLADE\u017d 12-16 (\u017d) &#8211; 2.mjesto<\/li>\n\n\n\n<li>DJECA 6-12 (M)<\/li>\n<\/ul>\n\n\n\n<p class=\"has-black-color has-text-color\">7. KUP DVD-a TU\u017dNO<\/p>\n\n\n\n<ul>\n<li>DJECA 6-12 (M) &#8211; 3.mjesto<\/li>\n\n\n\n<li>MLADE\u017d 12-16 (\u017d) &#8211; 3.mjesto<\/li>\n<\/ul>\n\n\n\n<p>MEMORIJALNI KUP &#8220;Josip Martan&#8221; DONJA VO\u0106A<\/p>\n\n\n\n<ul>\n<li>MLADE\u017d 12-16 (\u017d)<\/li>\n<\/ul>\n\n\n\n<p>19. KUP DVD-a GORNJI KU\u010cAN<\/p>\n\n\n\n<ul>\n<li>DJECA 6-12 (\u017d)<\/li>\n<\/ul>\n\n\n\n<p class=\"has-text-color has-medium-font-size\" style=\"color:#d22a2a\"><span style=\"text-decoration: underline; color: #ff0000;\"><strong>NATJECANJA 2017.<\/strong><\/span><\/p>\n\n\n\n<p>12. NATJECANJE VATROGASNE MLADE\u017dI VARA\u017dDINSKE \u017dUPANIJE<\/p>\n\n\n\n<ul>\n<li>DJECA 6-12 (\u017d) &#8211; 15.mjesto<\/li>\n\n\n\n<li>DJECA 6-12 (M) &#8211; 32.mjesto<\/li>\n\n\n\n<li>MLADE\u017d 12-16 (\u017d) &#8211; 12.mjesto<\/li>\n<\/ul>\n\n\n\n<p>21. GRADSKO NATJECANJE VZG IVANCA<\/p>\n\n\n\n<ul>\n<li>DJECA 6-12 (\u017d) &#8211; 1.mjesto<\/li>\n\n\n\n<li>DJECA 6-12 (M) &#8211; 3.mjesto<\/li>\n\n\n\n<li>MLADE\u017d 12-16 (\u017d) &#8211; 2.mjesto<\/li>\n\n\n\n<li>&#8220;A&#8221; EKIPA (\u017d) &#8211; 2.mjesto<\/li>\n\n\n\n<li>&#8220;B&#8221; EKIPA (M) &#8211; 2.mjesto<\/li>\n<\/ul>\n\n\n\n<p>6. KUP DVD-a TU\u017dNO<\/p>\n\n\n\n<ul>\n<li>&#8220;B&#8221; EKIPA (M) &#8211; 2.mjesto<\/li>\n\n\n\n<li>MLADE\u017d 12-16 (\u017d)<\/li>\n<\/ul>\n\n\n\n<p>4. MEMORIJALNI KUP &#8220;Kos-Ledin\u0161\u010dak&#8221; LEPOGLAVA<\/p>\n\n\n\n<ul>\n<li>DJECA 6-12 (\u017d) &#8211; 3.mjesto<\/li>\n\n\n\n<li>DJECA 6-12 (M)<\/li>\n<\/ul>\n\n\n\n<p>18. KUP DVD-a GORNJI KU\u010cAN<\/p>\n\n\n\n<ul>\n<li>DJECA 6-12 (M)<\/li>\n<\/ul>\n\n\n\n<p class=\"has-text-color has-medium-font-size\" style=\"color:#d22a2a\"><span style=\"text-decoration: underline; color: #ff0000;\"><strong>NATJECANJA 2016.<\/strong><\/span><\/p>\n\n\n\n<p>9. KUP &#8220;Dragutin Medved&#8221;<\/p>\n\n\n\n<ul>\n<li>DJECA 6-12 (\u017d) &#8211; 3.mjesto<\/li>\n\n\n\n<li>DJECA 6-12 (M) &#8211; 7.mjesto<\/li>\n\n\n\n<li>&#8220;B&#8221; EKIPA (M) &#8211; 4.mjesto<\/li>\n<\/ul>\n\n\n\n<p>20. GRADSKO NATJECANJE VZG IVANCA<\/p>\n\n\n\n<ul>\n<li>DJECA 6-12 (\u017d) &#8211; 3.mjesto<\/li>\n\n\n\n<li>DJECA 6-12 (M) &#8211; 3.mjesto<\/li>\n<\/ul>\n\n\n\n<p>5. KUP DVD-a TU\u017dNO<\/p>\n\n\n\n<ul>\n<li>DJECA 6-12 (\u017d) &#8211; 6.mjesto<\/li>\n\n\n\n<li>DJECA 6-12 (M) &#8211; 8.mjesto<\/li>\n<\/ul>\n\n\n\n<p class=\"has-text-color has-medium-font-size\" style=\"color:#d22a2a\"><span style=\"text-decoration: underline; color: #ff0000;\"><strong>NATJECANJA 2015.<\/strong><\/span><\/p>\n\n\n\n<p>8. KUP &#8220;DRAGUTIN MEDVED&#8221;<\/p>\n\n\n\n<ul>\n<li>DJECA 6-12 (\u017d) &#8211; 3.mjesto<\/li>\n\n\n\n<li>DJECA 6-12 (M) &#8211; 7.mjesto<\/li>\n\n\n\n<li>&#8220;A&#8221; EKIPA (M) &#8211; 4.mjesto<\/li>\n\n\n\n<li>&#8220;B&#8221; EKIPA (M) &#8211; 1.mjesto<\/li>\n<\/ul>\n\n\n\n<p>19. GRADSKO NATJECANJE VZG IVANCA<\/p>\n\n\n\n<ul>\n<li>DJECA 6-12 (\u017d) &#8211; 2.mjesto<\/li>\n\n\n\n<li>DJECA 6-12 (M) &#8211; 4.mjesto<\/li>\n\n\n\n<li>&#8220;A&#8221; EKIPA (M) &#8211; 2.mjesto<\/li>\n\n\n\n<li>&#8220;B&#8221; EKIPA (M) &#8211; 2.mjesto<\/li>\n<\/ul>\n\n\n\n<p>4. KUP DVD-a TU\u017dNO<\/p>\n\n\n\n<ul>\n<li>DJECA 6-12 (\u017d) &#8211; 3.mjesto<\/li>\n\n\n\n<li>DJECA 6-12 (M) &#8211; 7.mjesto<\/li>\n<\/ul>\n\n\n\n<p>\u017dUPANIJSKO NATJECANJE VATROGASACA<\/p>\n\n\n\n<ul>\n<li>DJECA 6-12 (\u017d) &#8211; 20.mjesto<\/li>\n\n\n\n<li>DJECA 6-12 (M) &#8211; 37.mjesto<\/li>\n\n\n\n<li>&#8220;A&#8221; EKIPA (M) &#8211; 28.mjesto<\/li>\n\n\n\n<li>&#8220;B&#8221; EKIPA (M) &#8211; 15.mjesto<\/li>\n<\/ul>\n\n\n\n<p class=\"has-text-color has-medium-font-size\" style=\"color:#d22a2a\"><span style=\"text-decoration: underline; color: #ff0000;\"><strong>NATJECANJA 2014.<\/strong><\/span><\/p>\n\n\n\n<p>7. KUP &#8220;Dragutin Medved&#8221;<\/p>\n\n\n\n<ul>\n<li>DJECA 6-12 (\u017d) &#8211; 2.mjesto<\/li>\n\n\n\n<li>DJECA 6-12 (M) &#8211; 9.mjesto<\/li>\n\n\n\n<li>MLADE\u017d 12-16 (M) &#8211; 6.mjesto<\/li>\n\n\n\n<li>&#8220;A&#8221; EKIPA (M) &#8211; 4.mjesto<\/li>\n\n\n\n<li>&#8220;B&#8221; EKIPA (M) &#8211; 2.mjesto<\/li>\n<\/ul>\n\n\n\n<p>18. GRADSKO NATJECANJE VZG IVANCA<\/p>\n\n\n\n<ul>\n<li>DJECA 6-12 (\u017d) &#8211; 1.mjesto<\/li>\n\n\n\n<li>DJECA 6-12 (M) &#8211; 4.mjesto<\/li>\n\n\n\n<li>MLADE\u017d 12-16 (M) &#8211; 2.mjesto<\/li>\n\n\n\n<li>&#8220;A&#8221; EKIPA (M) &#8211; 2.mjesto<\/li>\n\n\n\n<li>&#8220;B&#8221; EKIPA (M) &#8211; 1.mjesto<\/li>\n<\/ul>\n\n\n\n<p class=\"has-text-color has-medium-font-size\" style=\"color:#d22a2a\"><span style=\"text-decoration: underline; color: #ff0000;\"><strong>NATJECANJA 2013.<\/strong><\/span><\/p>\n\n\n\n<p>6. KUP &#8220;Dragutin Medved&#8221;<\/p>\n\n\n\n<ul>\n<li>DJECA 6-12 (\u017d) &#8211; 3.mjesto<\/li>\n\n\n\n<li>DJECA 6-12 (M) &#8211; 3.mjesto<\/li>\n\n\n\n<li>&#8220;A&#8221; EKIPA (M) &#8211; 3.mjesto<\/li>\n<\/ul>\n\n\n\n<p>17. GRADSKO NATJECANJE VZG IVANCA<\/p>\n\n\n\n<ul>\n<li>DJECA 6-12 (\u017d) &#8211; 1.mjesto<\/li>\n\n\n\n<li>DJECA 6-12 (M) &#8211; 1.mjesto<\/li>\n\n\n\n<li>&#8220;A&#8221; EKIPA (M) &#8211; 1.mjesto<\/li>\n<\/ul>\n\n\n\n<p>\u017dUPANIJSKO VATROGASNO NATJECANJE DJECE I MLADE\u017dI<\/p>\n\n\n\n<ul>\n<li>DJECA 6-12 (\u017d) &#8211; 23.mjesto<\/li>\n\n\n\n<li>DJECA 6-12 (M) &#8211; 29.mjesto<\/li>\n<\/ul>\n\n\n<div class=\"wp-block-image\">\n<figure class=\"aligncenter\"><img decoding=\"async\" loading=\"lazy\" width=\"1127\" height=\"634\" src=\"http:\/\/dvd-margecan.hr\/wp-content\/uploads\/2016\/06\/image6.jpeg\" alt=\"image6\" class=\"wp-image-97\" srcset=\"https:\/\/dvd-margecan.hr\/wp-content\/uploads\/2016\/06\/image6.jpeg 1127w, https:\/\/dvd-margecan.hr\/wp-content\/uploads\/2016\/06\/image6-300x169.jpeg 300w, https:\/\/dvd-margecan.hr\/wp-content\/uploads\/2016\/06\/image6-768x432.jpeg 768w, https:\/\/dvd-margecan.hr\/wp-content\/uploads\/2016\/06\/image6-1024x576.jpeg 1024w\" sizes=\"(max-width: 1127px) 100vw, 1127px\" \/><\/figure><\/div>","protected":false},"excerpt":{"rendered":"<p>NATJECANJA 2025. 16. DR\u017dAVNO NATJECANJE VATROGASNE MLADE\u017dI REPUBLIKE HRVATSKE 26. GRADSKO VATROGASNO NATJECANJE VZG IVANEC 44. MEMORIJAL \u201eMIRKO KOLARI\u0106\u201c \u2013 DVD VARA\u017dDIN 25. KUP GRADA NOVOG MAROFA 24. KUP DVD-A BRSTEC 6. NATJECANJE DVD-A NEDELJANEC-PREKNO NATJECANJE DVD-A GOJANEC 2025 23. MEMORIJAL \u201eKRUNO MODRI\u0106\u201c&nbsp; &#8211; DVD LESKOVEC 27. KUP GRADA LUDBREGA \u2013 DVD LUDBREG 3. KUP &hellip;<br \/><a href=\"https:\/\/dvd-margecan.hr\/?page_id=22\" class=\"more-link pen_button pen_element_default pen_icon_arrow_double\">Nastavite \u010ditati <span class=\"screen-reader-text\">NATJECANJA<\/span><\/a><\/p>\n","protected":false},"author":1,"featured_media":0,"parent":0,"menu_order":0,"comment_status":"closed","ping_status":"closed","template":"","meta":[],"_links":{"self":[{"href":"https:\/\/dvd-margecan.hr\/index.php?rest_route=\/wp\/v2\/pages\/22"}],"collection":[{"href":"https:\/\/dvd-margecan.hr\/index.php?rest_route=\/wp\/v2\/pages"}],"about":[{"href":"https:\/\/dvd-margecan.hr\/index.php?rest_route=\/wp\/v2\/types\/page"}],"author":[{"embeddable":true,"href":"https:\/\/dvd-margecan.hr\/index.php?rest_route=\/wp\/v2\/users\/1"}],"replies":[{"embeddable":true,"href":"https:\/\/dvd-margecan.hr\/index.php?rest_route=%2Fwp%2Fv2%2Fcomments&post=22"}],"version-history":[{"count":13,"href":"https:\/\/dvd-margecan.hr\/index.php?rest_route=\/wp\/v2\/pages\/22\/revisions"}],"predecessor-version":[{"id":1091,"href":"https:\/\/dvd-margecan.hr\/index.php?rest_route=\/wp\/v2\/pages\/22\/revisions\/1091"}],"wp:attachment":[{"href":"https:\/\/dvd-margecan.hr\/index.php?rest_route=%2Fwp%2Fv2%2Fmedia&parent=22"}],"curies":[{"name":"wp","href":"https:\/\/api.w.org\/{rel}","templated":true}]}}